*l + 8. Let x(m) = -m. Let w(c) = d(c) + 2*x(c). What is the units digit of w(6)?
8
Suppose s + 3*s - 32 = 0. What is the units digit of s?
8
Suppose -3*u - 31 = -5*f, 3*f + 4*u - 49 + 13 = 0. What is the units digit of f?
8
Suppose -1 + 105 = 4*o. What is the tens digit of o?
2
Let w be (1 - 0)/((-6)/36). Let l(h) = h**3 + 8*h**2 + 8*h + 6. Let g be l(w). Let u = g + -13. What is the tens digit of u?
1
Let d(o) = -o**2 + 5*o - 2. Let t be d(3). Suppose 3*y + 3 = -3*v, -t*y + 3*v + 27 = 3. What is the units digit of y?
3
Let b be -8 + 5 - (-8 - 1). Suppose 2*z = 5*z + b. Let o(p) = -9*p + 1. What is the units digit of o(z)?
9
Let q(f) = f**2 - 2*f - 3. Let y be q(-7). Let r be y/(-18) + 1/3. What is the units digit of r*((-24)/9 + -1)?
1
Let s be 2/9 + (-214)/(-9). Let w(p) = -p - 1. Let v be w(-5). Suppose v*g - g = s. What is the units digit of g?
8
Suppose x - 5*p - 31 = 3*x, 2*x - 3*p = 9. Let g be (2/(-6))/(x/36). Let y(m) = m + 2. What is the units digit of y(g)?
6
Let h(c) = -c**2 - 15*c - 30. What is the units digit of h(-12)?
6
Suppose -2*w - 4*v - 33 + 423 = 0, 2*w = 3*v + 376. What is the hundreds digit of w?
1
Suppose 22 + 4 = -2*v. Let r = v + 19. Let n = -4 + r. What is the units digit of n?
2
Let m = 17 + -13. Suppose 0 = -0*r - m*r + 12. What is the units digit of r?
3
Suppose v - j = 3*j + 25, 3*v + j = 88. What is the tens digit of v?
2
Suppose -r = 3*r - 12. Suppose -k = -5*z + r - 1, -4*k = -2*z + 8. Let d = k - -4. What is the units digit of d?
2
Suppose -5*s - c + 9 = -2, -2*s + 14 = -2*c. Let o(i) = i**2 - i + 4. What is the units digit of o(s)?
0
Let u(l) be the second derivative of 2*l**4/3 - 10*l. Let n(q) = q**3 + 5*q**2 + 5*q + 5. Let s be n(-4). What is the units digit of u(s)?
8
Suppose -42*o + 38*o = -904. What is the tens digit of o?
2
Let z(b) = -b**3 - 2*b**2 + 2*b + 1. Let y be z(-3). Suppose 2*a = -21 + 1. Let w = y - a. What is the units digit of w?
4
Let h(m) be the second derivative of m**4/12 + m**3/2 - 3*m**2/2 + m. Let l be h(-4). Let q(d) = 11*d**3 - d**2 + d - 1. What is the units digit of q(l)?
0
Let i = 11 + 10. What is the tens digit of i?
2
Suppose -4*c + 3*n - 92 = 0, 5*n - 60 = 5*c - 3*c. What is the units digit of (60/(-25))/(6/c)?
8
Let o(r) = -r**3 + 7*r**2 - 6*r. Let w be o(6). Let y(i) = i**3 + 2 - i**2 + w*i**3 + i + 0*i**3. What is the units digit of y(2)?
8
Suppose 0*t - t + 22 = 0. Let i = -3 + t. What is the tens digit of i?
1
Let v = -7 - -10. What is the units digit of ((-12)/v)/((-2)/20)?
0
Suppose 0 = 5*x - 5, 0 = -j - 0*j + 5*x + 220. What is the tens digit of j?
2
Suppose -6*r = -11*r + 695. What is the units digit of r?
9
Let d(y) = -y**3 - 12*y**2 - 10*y + 11. Let m be d(-11). Suppose m = 3*g + 2*o + 17 - 50, 3*g = 2*o + 45. What is the tens digit of g?
1
Suppose -3*k - 2*k = 25. Let j be -2*k/2*1. Suppose 0 = j*y - 15, -14 = -d + y - 3*y. What is the units digit of d?
8
Let n(w) = w**2 - 3*w - 3. What is the units digit of n(5)?
7
What is the units digit of ((-1071)/(-14))/9*20*2?
0
What is the units digit of (0 - (-100)/(-12))/(6/(-126))?
5
Let g = -10 - -16. What is the units digit of g?
6
Let x = -6 - -8. Suppose q - 17 = -2*m + x*q, 19 = -m - 5*q. Let i(o) = -o**2 + 9*o - 8. What is the tens digit of i(m)?
1
Let r(y) = -81*y**2 + 15*y + 33. Let s(o) = 5*o**2 - o - 2. Let q(f) = 2*r(f) + 33*s(f). What is the units digit of q(2)?
6
Suppose 0 = d + 1 - 7. Let i be (-183)/((-2)/(8/d)). What is the units digit of i/14 - 2/(-7)?
9
Let z(q) = 2*q**2. Let d be z(1). What is the tens digit of d/8 - 188/(-16)?
1
Let o(n) = n + 3. Suppose u = 5*u + 24. Let x be o(u). Let p = x - -4. What is the units digit of p?
1
What is the units digit of 4*1 + -2 + 4 + -5?
1
What is the tens digit of (-163)/(-7) + 20/(-70)?
2
Suppose 103 = 5*m - 137. What is the tens digit of m/(-36) - (-134)/6?
2
Let g be 1/2 - 6/(-4). Suppose -3 = -5*m - 4*b, 3*b = 2*m - g*b - 21. Suppose 4 = z + 5*u, -m*z + 4 = 2*u - 8. What is the units digit of z?
4
Suppose 2*n - v - 37 = 10, 0 = -3*n + 4*v + 73. What is the tens digit of n?
2
Suppose -3*y - 4 = -4*y. Suppose -3*k + 1 = 4*z - y, z = -4*k - 15. What is the units digit of z?
5
Suppose 3*u = 5*u + 44. What is the units digit of 167/5 - u/(-55)?
3
Suppose 0*k = k - 5. Suppose 4*r + 5*s = 8*r - 31, r + k*s - 39 = 0. What is the units digit of r?
4
Let z(d) = d**2 + 2*d + 8. Let p be z(-6). Suppose 10 = 3*m + 2*o - 12, 4*m + 2*o = p. What is the tens digit of m?
1
Let v(j) = 2*j**2 + 11*j + 9. Let c(p) = 2*p**3 + p**2 - 3*p - 1. Let m be c(-2). What is the units digit of v(m)?
0
Let l(o) = -o**2 + o. Let x(i) = -2*i**2 - 4*i. Let b(q) = l(q) - x(q). Let f be b(-4). Let s(c) = -2*c + 4. What is the units digit of s(f)?
2
Let r(c) = c**3 + 9*c**2 - 10*c + 5. Let k be r(-10). Suppose -10 = -k*z + 25. Let g = 11 - z. What is the units digit of g?
4
Suppose 0 = 7*p - 35 - 70. What is the units digit of p?
5
Let h(w) = w + 1. Let y be h(-2). What is the units digit of y*(-2 - 0) - -5?
7
Let h(d) be the first derivative of -d**4/2 + 2*d**3/3 - d**2/2 - 2*d - 6. What is the tens digit of h(-2)?
2
What is the hundreds digit of (-13 - (0 - -2))/(8/(-232))?
4
Suppose 5*i = 4*m + 2*i + 43, -m - 16 = i. Let z = 0 - m. Let p = -7 + z. What is the units digit of p?
6
Let n be 5/(-6) + 2/(-12). Let t = 4 + n. Suppose -w - 3*i + t = -i, 4*w - 5*i - 51 = 0. What is the units digit of w?
9
Suppose -4*l - 5*q + 1 - 9 = 0, -2*l - 3*q = 6. Suppose 4*p - l*n + 42 = p, 4*p - n = -62. Let k = -10 - p. What is the units digit of k?
6
Let u(g) be the second derivative of -g**6/360 + g**5/40 + g**4/8 - g**3/2 - 3*g. Let y(s) be the second derivative of u(s). What is the units digit of y(3)?
3
Let i be (98/4)/((-1)/(-2)). Suppose -4*h - 4*s + 11 = -h, -s = -5*h + i. What is the units digit of h?
9
Suppose 2*t - q = -289, -5*q + 700 = -5*t - 7*q. Let d = -92 - t. Suppose -p - 39 = -4*p - 3*x, 4*p - d = -3*x. What is the units digit of p?
1
Suppose 3*y = -0*y + 18. Let l = 16 + -11. Suppose 3*f - y = 0, -5*d + l*f = -0*f - 20. What is the units digit of d?
6
Let t(f) = -f**2 + 6*f - 2. Let q be t(5). Suppose c - 104 = -q*c. What is the units digit of c?
6
Let g(f) = f**2 + 5*f - 2. Let y be g(-4). Let b(o) = o**2. Let p(i) = -i**3 - i**2 + 5*i + 1. Let r(v) = y*b(v) - p(v). What is the units digit of r(6)?
5
Suppose x - 6*x = -70. Suppose 2*p - x = 22. What is the units digit of p?
8
Suppose -2*b - 2*b + 380 = 0. What is the units digit of b?
5
Suppose d + d = -3*h + 13, 4*h - 18 = -2*d. Suppose h = p + 2. What is the units digit of p?
3
Let k(x) = 6*x**2 - 6*x - 10. What is the tens digit of k(-5)?
7
Suppose 5*i - 36 = 3*i. Suppose 4*p - 4 = -4*a, -p - 2*p = 4*a. Let l = i + a. What is the tens digit of l?
1
What is the units digit of 24/15 + -2 + 546/15?
6
What is the tens digit of -5 - 18/(-3)*28?
6
Suppose -2*b + 11 = -11. Suppose -392 = -4*w - 5*d, -9 - b = -5*d. Suppose 2 = 5*g - w. What is the tens digit of g?
1
Suppose 0*n + 10 = -2*t + 2*n, 0 = -2*n + 4. Let d(x) = -x**2 - x + 1. Let q be d(0). What is the tens digit of 18*t*q/(-3)?
1
Let q be (6/(-1))/(-1) - 2. Suppose -4*j + 3*u = -147, -2*j + q*u - 16 = -82. Suppose j = 3*h - 5*b, 0*b - 13 = -h - b. What is the tens digit of h?
1
Let y be (-243)/(-6) - 4/8. Suppose -7*q - y = -8*q. What is the units digit of q?
0
Suppose -2*y + 3*i + 56 = 7*i, 0 = -5*y - i + 104. What is the tens digit of y?
2
Let b = -8 - -7. What is the units digit of ((-76)/8 - b)*-2?
7
Let v(d) = -9*d**2 + 4*d + 1. Let k(z) = 4*z**2 - 2*z - 1. Let r(g) = -7*k(g) - 3*v(g). Let t be r(3). Suppose 17 = 2*b + t. What is the units digit of b?
8
Let i(t) = t**2 - 7*t + 2. What is the tens digit of i(11)?
4
Let w be (119 - 0) + -3 - 1. Suppose -2*n - 3*n = -w. What is the tens digit of n?
2
Suppose k - 69 = -21. What is the tens digit of k?
4
Let s be (9/18)/(2/12). Suppose 0 = 2*n + z - s, 1 = -2*n - 7*z + 2*z. What is the units digit of n?
2
Suppose 3*z - 65 = -2*y, y = z - 4*z + 70. What is the units digit of (z - -2)*(-3 - -4)?
7
Let s be (6 + -4)*(1 + 1). Suppose 5*g = 10, 0 = 2*u + s*g - 3*g. Let b(h) = -14*h**3 + h + 1. What is the tens digit of b(u)?
1
Let g(p) = p**3 + 9*p**2 - 16*p - 11. Let j be g(-10). Let l = j + -27. What is the units digit of l?
2
L